the highest common factor of r and v?
64
Let q be (9 - 1) + (-5054)/(-19). Let k = -74 + q. What is the highest common factor of k and 80?
40
Let h = -258 + 615. Suppose -71*c + 3927 = 116*c. Calculate the greatest common factor of c and h.
21
Suppose 0 = 5*q + 35, 1794*v - 685 = 1792*v - 5*q. Let r(f) = 2*f**2 - 7*f + 5. Let w be r(10). Calculate the highest common divisor of w and v.
45
Let f be -2 + (-3235)/(-25) - (-6)/10. Suppose -3*t + 133 = -5*q, -6*t + 3*t + 4*q = -f. What is the greatest common factor of t and 252?
36
Suppose 4*l = -l + 475. Suppose 2*y = -5*y + 91. Let s be 1 + y - (-12)/(72/30). Calculate the highest common divisor of s and l.
19
Suppose 132 = 3*f - 2*a + 60, 68 = 4*f + 2*a. What is the highest common divisor of 12020 and f?
20
Suppose 5*r + 3*d - 1046 = 0, -2*r - d + 214 = -205. Suppose -12 = -5*h + h, 5*l - r = 3*h. Let b = 40 + -18. Calculate the highest common divisor of b and l.
22
Suppose 3*g = -3*l + 2136, 0 = 4*l - 3*g + g - 2842. Calculate the highest common factor of 158 and l.
79
Let a(z) = -2*z**3 + 20*z**2 - 7*z + 10. Let g(j) = -3*j - 16. Let x be g(-8). Let c be a(x). Calculate the highest common divisor of 42 and c.
42
Let t(o) = 4*o - 15. Let r = 275 + -270. Let q be t(r). Calculate the greatest common factor of q and 15.
5
Suppose 5*d = 3*m - 20, -d + 3*m + 0 = 4. Let y be (-54)/d + 9/18. Let x be 4/y - 1878/(-42). Calculate the highest common divisor of x and 18.
9
Let v(r) = 7*r**3 - 8*r**2 + 9*r. Let p be v(1). What is the highest common divisor of p and 584?
8
Let j(h) = -h**2 - h + 663. Let v be j(0). Let r be (-7 - (0 + -5))*(-51)/2. What is the highest common factor of v and r?
51
Let q be (22/4 + -1)*(-320)/(-60). Suppose -1 + 5 = -r, 2*d + 3*r - q = 0. Suppose w - 2*w + 6 = 0. Calculate the highest common divisor of d and w.
6
Let x(n) = -5*n**2 - 54*n + 16. Let b be x(-11). What is the highest common divisor of 17 and b?
1
Let j be -18*((-100)/(-15))/(-10). Calculate the highest common factor of 330 and j.
6
Let z be 16/(-56) + (-2946)/(-21). Suppose -139*c - 682 = -z*c. Calculate the highest common factor of 62 and c.
62
Let s be (6084/(-91))/(30/28)*10/(-4). Calculate the greatest common divisor of s and 348.
12
Let w be (-98)/(-686) + 58/(-210) + 2282/15. Calculate the greatest common divisor of 4940 and w.
76
Let f = 230 + -215. Let g be 4*f*10/3. Calculate the greatest common factor of 20 and g.
20
Let k(t) = -16*t - 22. Let f be k(-2). What is the highest common factor of f and 2365?
5
Suppose 0 = -2*h - 1 + 45. Suppose -4*n - 7 = b, -b - 4 = 3*n + b. Let o be -2 - n - (-1 + -1). What is the greatest common factor of o and h?
2
Let v(b) = -135*b - 216. Let m(r) = 34*r + 54. Let c(p) = 21*m(p) + 5*v(p). Let w be c(12). Calculate the greatest common divisor of w and 18.
18
Let v(l) = l**3 - 79*l**2 - 76*l - 268. Let f be v(80). Calculate the greatest common factor of 32 and f.
4
Suppose -4279 = -3*x - 2*h + 7621, 7*x = -4*h + 27762. What is the highest common factor of x and 70?
14
Suppose -6*m = -33 - 3. Suppose -k + 9 = m. Suppose k*w - 553 = -148. What is the greatest common divisor of w and 27?
27
Let f(x) = 48*x**2 - 8*x - 85. Let g be f(-5). What is the greatest common factor of g and 1320?
165
Suppose 10*w + 3*j = 13*w - 18, 3*j = -9. Suppose -2*t + 10 = o - 4*t, o - w*t = 8. Calculate the greatest common divisor of 182 and o.
14
Let h(z) = z**3 - 17*z**2 + 19*z - 36. Let q be h(18). Let v(c) = c**2 + 9*c. Let b be v(-14). What is the greatest common factor of b and q?
70
Let r = -6 + 16. Let b be r/(-25) - 846/(-15). Let t(j) = -3*j**2 + 26*j - 48. Let d be t(5). What is the greatest common factor of d and b?
7
Suppose 6*z + 2709 = 29*z - 5939. Calculate the greatest common factor of z and 112.
8
Suppose 5*u - 7*u - k + 71 = 0, 3*u = k + 94. Suppose 0 = -5*a + 104 - 29. Let v = a - 12. What is the highest common factor of u and v?
3
Suppose -5*w + 3*y + 4431 = 0, 0 = -2*w + 2*y + 130 + 1636. What is the greatest common factor of w and 638?
11
Suppose 125*d - 113*d = 468. Suppose -4*o + 1 = 1. Let i be (4 + 1)/10*(130 - o). Calculate the highest common factor of d and i.
13
Let d be (14 - 14)/(-3 - -1). Suppose d = 5*c + 1 - 101. Calculate the greatest common factor of c and 140.
20
Let y = -98 - -88. Let a be (y + 9)*17/(-1). Calculate the highest common divisor of a and 136.
17
Suppose -3*k + 68 = 4*m, -15*m + 12*m + 15 = 0. What is the highest common factor of k and 484?
4
Let x(q) = q**3 + 14*q**2 - 12*q + 48. Let o be x(-14). Let p(l) = 106*l - 1422. Let j be p(15). What is the highest common factor of o and j?
24
Let x = 210 + -82. Suppose 0 = -d, -5*p + d + 142 = -x. Calculate the greatest common factor of p and 90.
18
Let l = 11 - -1. Suppose -3*b = -84 + l. Let m(j) = -21*j + 273. Let k be m(9). What is the highest common factor of b and k?
12
Suppose -b = -5*a - 18, 5*b - 3*a - 1 - 23 = 0. Let h be ((-112)/35)/((-2764)/920 + b). Calculate the greatest common factor of 46 and h.
46
Let k be 4/(-12)*(-4 - 23). Suppose k*o + t = 6*o + 35, 70 = 5*o + 4*t. Let r be 4/6 + 656/6. Calculate the greatest common factor of o and r.
10
Let t(h) = h**3 - 25*h**2 + 26*h - 48. Let o be t(24). Suppose 5*a - 4*u - 296 = o, u = -2*a - 42 + 150. Calculate the greatest common divisor of 14 and a.
14
Let t = 10 - -30. Let p = -41 - t. Let b be p/(-12)*(7 - 3). Calculate the highest common factor of b and 297.
27
Let l = -1486 - -2607. Calculate the highest common factor of 171 and l.
19
Suppose -5*x + 5*c + 4337 = -5403, 5 = c. Calculate the highest common divisor of x and 63.
63
Let g = -69 - -58. Let d(t) = -50*t - 6. Let f be d(g). Calculate the highest common factor of 17 and f.
17
Let c be 8*(-3 - -2)/(-8). Let u be (-7)/(c/15*-1). Let n be 5/(-15) - (-640)/30. Calculate the greatest common divisor of n and u.
21
Suppose 0 = 6*r - 587 - 61. Let u = 294 - r. Calculate the greatest common factor of 6 and u.
6
Let w(p) = 10*p**2 - 9*p - 7. Let n be w(-5). Suppose -8*i = -n - 392. What is the greatest common factor of 34 and i?
17
Let g be 278807/22 + -1 - (-406)/(-8932). What is the highest common factor of g and 33?
33
Let h = -4558 - -4624. Calculate the greatest common factor of h and 2154.
6
Let s(m) = 639*m**2 + 3*m. Let p be s(-1). Calculate the highest common factor of 8745 and p.
159
Let b = -3069 - -3148. Calculate the greatest common factor of 6162 and b.
79
Let v be 1/((-3)/((-48)/4)). Suppose 0 = 32*l + 6*l - 532. What is the highest common divisor of l and v?
2
Let a be (606/54 - 11) + 7/9. Let x be -6*(2 + (-1)/2). Let l = a - x. Calculate the highest common divisor of 90 and l.
10
Suppose 27*a = 10*a + 952. Let b(d) = d**2 + 7*d - 4. Let t be b(-9). Let z be (1 - -1) + t + -2. What is the greatest common divisor of a and z?
14
Let n be (4/(48/(-30)))/((-15)/72). Calculate the greatest common divisor of n and 309.
3
Suppose 4*k = -o - 1371, -3*k + 1376 = -7*k + 4*o. Let q = 364 + k. Calculate the greatest common divisor of 35 and q.
7
Let y = -16187 + 23155. Calculate the highest common divisor of y and 65.
13
Let y(f) = -f**2 - 35*f + 138. Let b be y(-38). Suppose 0 = 5*l + 3*a - 69 + 14, 4*a = -5*l + 60. What is the greatest common factor of b and l?
8
Suppose 0 = -5*c + 5*y + 815, 67*y = -2*c + 64*y + 291. Calculate the highest common divisor of c and 312.
156
Suppose 0 = -3*h - 3 - 12. Let w be (158/10 - 1/h)*2. Let g = w - 8. What is the greatest common factor of 16 and g?
8
Suppose 0 - 3 = t. Let a = 11 + t. Suppose -u + 37 = -a. Calculate the highest common divisor of u and 5.
5
Suppose -28*i + 39 + 103 = -1482. Calculate the highest common factor of 3886 and i.
58
Let i = -32 - -27. Let p(g) = 2*g**2 + 11*g + 7. Let a be p(i). Suppose u - 87 = -5*b, 3*u + 21 = b + a*u. What is the greatest common factor of 2 and b?
2
Suppose 2*x = -2*n + 54 + 62, 223 = 4*x + n. Let q = -45 + 100. What is the highest common factor of q and x?
55
Let l = -1 + 1. Suppose l*x + 3*x - 46 = -4*r, -x - 3*r + 12 = 0. Suppose 192*y + 1674 = 1640 + 3490. What is the greatest common divisor of x and y?
18
Suppose 2*g - 3635 = -3*v + 2*v, 0 = g + 2*v - 1825. What is the highest common factor of g and 15?
15
Suppose -14*w = -9*w - 45. Suppose -w*o + 693 - 9 = 0. Suppose -1004 = -12*l - 320